of g?
2, 7
Let f(j) = -j**3 + 17*j**2 - 22*j + 28. List the prime factors of f(15).
2, 37
Let x(o) = 2*o**3 + 2*o**2 + 2*o - 2. What are the prime factors of x(2)?
2, 13
Let b be -36*(-3 - (-1 - 1)). Suppose 0 = 2*f - 6*f + b. Let h = f + -3. What are the prime factors of h?
2, 3
Let t = 16 + -16. Suppose t*l + 105 = 5*l. List the prime factors of l.
3, 7
Let w = -11 + 5. What are the prime factors of (1 - w) + 2/(-2)?
2, 3
Let g = -2 - -4. Suppose 29 - 9 = g*b. List the prime factors of b.
2, 5
Let t(l) = -8*l**3 + 2*l**2 - l - 1. What are the prime factors of t(-2)?
73
What are the prime factors of (98 - -6)/(-8)*(-14 + 0)?
2, 7, 13
Let t be (-2)/((-2)/(-1)) - -5. Let c be 4/3*6/t. Suppose 5*s - 33 = c*s. What are the prime factors of s?
11
Suppose 0 = -4*g - 5*o + 14, 5*g + 4*o = 9 + 4. What are the prime factors of 4*(g - 1/2)?
2
Let o = 2 + 2. Suppose 4*n + h - 58 = -0*n, -o*h = 3*n - 50. What are the prime factors of n?
2, 7
Suppose -2*x + 198 = 2*c, -2*x + 6*c - c + 212 = 0. What are the prime factors of x?
101
Let d(f) = -f**3 + 2*f**2 + 5*f - 3. Let k be d(3). List the prime factors of 27 + 3 + (0 - k).
3
Suppose -b + 4*b = -159. Let m = -3 - b. Suppose m = 3*g + 20. List the prime factors of g.
2, 5
Let p be 3 + (-3)/(3/1). Let k = p + -1. What are the prime factors of k*9 + 4/2?
11
Let j = 1 - -3. Suppose j*i = 28 - 8. Let u = i - 2. List the prime factors of u.
3
Let n(j) = -j**3 - 2*j**2 + j - 3. Let d be n(-3). Suppose -u = -0*u - d. List the prime factors of u.
3
Suppose n = -3*n - 32. Let o(v) = -v**3 - 7*v**2 + 6*v - 8. List the prime factors of o(n).
2
Suppose v - w = -5, v + w + 4 = -1. Let y be (v/(-4))/((-2)/(-16)). What are the prime factors of 1/((y/(-8))/(-5))?
2
Let y(g) be the second derivative of 0 - 3/2*g**3 - 7/2*g**2 - g - 1/12*g**4. What are the prime factors of y(-6)?
11
Suppose -2*d + 41 = 4*j + 3, 55 = 3*d + 5*j. What are the prime factors of d?
3, 5
Suppose -1 - 1 = -i - w, 3*w + 1 = -2*i. Let q = i - -7. List the prime factors of q.
2, 7
Suppose 2*v - 106 + 16 = 0. Let d = v - 13. What are the prime factors of d?
2
Suppose 0 = 2*x - 1 - 121. List the prime factors of x.
61
Suppose 3*i = -26 + 176. List the prime factors of i.
2, 5
Let m = 7 + -7. Let c(v) = -v**3 + v**2 + 23. What are the prime factors of c(m)?
23
Let n = 34 + 21. What are the prime factors of n?
5, 11
Suppose -m = 8 + 4. List the prime factors of (-8)/m - 14/(-6).
3
Let d(i) = -i**2 + 5*i + 3. Let s be d(4). Let o = s + -1. Suppose -5*n = 2*k - 34, 0 = 3*k - 5*k - o. What are the prime factors of n?
2
Let r = -55 - -172. What are the prime factors of r?
3, 13
Let w(r) = -r**2 - 2*r**2 - 8*r - 3 + 5*r**2. List the prime factors of w(6).
3, 7
Let y be 20/2*(-2)/(-4). Suppose 3*h = y*h - 16. Suppose 2*r = 3*o + h, -4*r + 59 - 23 = -o. What are the prime factors of r?
2, 5
Suppose 4*d - 4 - 112 = 0. List the prime factors of d.
29
Suppose 14 = w + t, 0 = w + 2*t - 24 + 7. List the prime factors of w.
11
List the prime factors of 33*(28/(-12) - -3).
2, 11
Let u(p) = 2*p**2 - 2*p - 8. What are the prime factors of u(5)?
2
Suppose 5*h - 3*d - 383 = 0, -h = 4*h + 5*d - 415. List the prime factors of h.
79
Suppose 6*w + 161 = 4*y + 3*w, 5*y - w = 215. List the prime factors of y.
2, 11
Let n(h) = -29*h + 18. What are the prime factors of n(-4)?
2, 67
Suppose -5*t + 68 + 52 = 0. List the prime factors of t.
2, 3
Let r = -6 - -8. Suppose p = -5*o - 1, r = -4*o - 2. Suppose -p = -2*k + 6. What are the prime factors of k?
5
Let m(u) = -u**2 - 9*u + 2. Let y be m(-9). Let b = 1 + y. List the prime factors of b.
3
Let b(v) = -8*v**2 - 2*v - 1. Let i be b(-1). List the prime factors of (-40)/i - (-2)/7.
2, 3
Let v be -2*(45/(-2))/(-5). Suppose w - 100 = -4*i - 34, 3*i - 4*w - 59 = 0. Let n = v + i. What are the prime factors of n?
2
Suppose 4*h + 0*m + 4*m - 224 = 0, -m - 148 = -3*h. List the prime factors of h.
3, 17
Let g be 4/(-14) - 72/(-7). Let u(j) = j**2 - 10*j + 3. List the prime factors of u(g).
3
Let d(h) = -h**3 + 13*h**2 - 9*h + 13. What are the prime factors of d(12)?
7
Suppose -5*m + 6*m = 53. What are the prime factors of m?
53
Suppose -5*s - u - 19 = -2*u, s - u = -7. Let i be -1*(-14 + 0 + 0). List the prime factors of i + (s - -1) + 2.
2, 7
Let s(a) = -a**2 + 4*a - 3. Let q be s(3). Suppose -k = -q*k. Suppose -y = -k*p + 2*p - 22, -3*y + 11 = -5*p. What are the prime factors of y?
2, 3
Let w(l) = 11*l + 14*l + 14*l. Let t be w(-1). List the prime factors of (-3)/9 - t/9.
2
Let c(a) = a**2 - 8*a - 11. Let p be c(9). Let i = 35 + p. List the prime factors of i.
3, 11
Suppose 0*q = -3*v + q + 266, -v - 3*q = -72. Suppose -v - 37 = -4*r. Suppose -5*d = -2*t - 53, 3*d - 2*t - r = -0*t. List the prime factors of d.
11
Suppose -2*a + 8 = -3*v + 32, -2*a = -4*v + 28. Let k(h) = -h - 3. List the prime factors of k(a).
3
Let t(o) = -7*o. Let b be t(-1). Suppose 3 = -b*q + 4*q. Let p = q - -16. List the prime factors of p.
3, 5
Suppose -2*d + 75 = -31. What are the prime factors of d?
53
Let b = 23 - 19. Suppose 0*w + 4*m = -w + 12, -b*w + 33 = m. What are the prime factors of w?
2
Let v = -37 + 26. Let j = -6 - v. Suppose -3*g = g - j*p - 53, p = -5. List the prime factors of g.
7
Suppose 3*r - r - 22 = 0. Let l = r + 7. What are the prime factors of l?
2, 3
Let d(x) = 2*x**2 + 4*x + 2. Let t be d(-2). Suppose -4*l = -6*p + 5*p - 83, t*l = -p + 37. Suppose -a = -5*a + l. List the prime factors of a.
5
Let v = 18 + -13. List the prime factors of (-41)/(-5) + (-1)/v.
2
Let t = -2 - -17. What are the prime factors of t?
3, 5
Let b = 123 + -58. List the prime factors of b.
5, 13
Let h(o) = 70*o - 3. Let x(k) = -23*k + 1. Let u(m) = 4*h(m) + 11*x(m). What are the prime factors of u(1)?
2, 13
Let w = 3 + 4. Suppose -w = -2*b + 9. Let o = 19 - b. What are the prime factors of o?
11
Let a = -76 - -101. List the prime factors of a.
5
Suppose -5*x = -121 - 99. What are the prime factors of x?
2, 11
Let a be (-1 - -6)*2/(-2). What are the prime factors of 67/5 - (-2)/a?
13
Suppose w + 1 + 1 = -2*x, x + 8 = -4*w. Suppose x = -4*n - 0*h - 3*h - 7, -4*h - 22 = -n. Suppose 2*z = 4*r - 98, 15 = -z - n*z. List the prime factors of r.
2, 11
Let b be (-19 - -1)*(-1)/2. Let z = 45 - b. Suppose -u + 5*u = z. List the prime factors of u.
3
Let r = 43 + -30. Let y = 21 - r. Let j = y + -5. What are the prime factors of j?
3
Suppose 0 = -3*m - 4*i - 0*i + 19, 0 = 5*m + 5*i - 25. Suppose -m - 4 = a. Let j(k) = -4*k - 7. What are the prime factors of j(a)?
13
Let h(p) = -p**2 - 8*p + 1. Let n(j) be the first derivative of -j**2 + 16*j + 2. Let b be n(11). List the prime factors of h(b).
13
Suppose -13 + 38 = -5*k, -d - 2*k = -50. List the prime factors of d.
2, 3, 5
Let b(x) = 36*x - 1. What are the prime factors of b(1)?
5, 7
List the prime factors of ((-8)/(-12) - (-1135)/30)*2.
7, 11
Let u(z) = z. Let d(v) = -3*v + 1. Let l(c) = d(c) - 3*u(c). What are the prime factors of l(-4)?
5
Let r = -2 - -2. Suppose p - 1 - 2 = 3*a, 3*p - 5*a = 29. Suppose -3*u = 4*n - 23, -4*n + r*u + p = -2*u. What are the prime factors of n?
5
Suppose 5*l - 2*g - 10 = 0, 3*l + 16 = -5*g + 53. Suppose -12 = -l*n + 4*p, -4*n - 10 + 30 = 4*p. List the prime factors of n.
2
Suppose -4*b + 23 = -21. What are the prime factors of b?
11
Let i = 64 - 7. List the prime factors of i.
3, 19
Let j be (-1 + -1 + 1)*-3. Suppose -j*o = -8 - 1. List the prime factors of 1 - o - (-11 + 1).
2
Suppose 6*w + 72 = 3*y + 3*w, 0 = -4*w - 4. List the prime factors of y.
23
List the prime factors of (1 - 0)/(6/(-12)) + 119.
3, 13
Let y = 10 + -7. Suppose -y*u + 53 = -10. What are the prime factors of u?
3, 7
Let j be (1 - 2)*(-450)/9. What are the prime factors of j/6 + 26/39?
3
Suppose 2*v + 3*j - 518 = -j, -2*v + 2*j = -548. List the prime factors of v.
269
Let b(v) = -v + 9. Let t be b(8). Let d(z) = 1 + 5*z**2 - t - 2 + z**3. What are the prime factors of d(-2)?
2, 5
Suppose 2*p + 13 = x - 2*p, 3*x + 4*p + 25 = 0. Let r(n) be the second derivative of -n**5/20 - n**4/6 + n**3/3 + 5*n. List the prime factors of r(x).
3
Let a be (-13)/(-5) + (-14)/(-35). Suppose 5*b = 3*g - 81, -a*g - g = 3*b - 108. List the prime factors of g.
3
Let i(j) = -j**2 - 3*j + 4. Let l be i(-3). Suppose -4*x + 104 = -2*x - 5*d, -110 = 